/20*w**5 - w**2 + 3*w + 0 - 1/3*w**u + 1/3*w**4. What is x(3)?
1
Let s(l) = 7*l**2 - 3*l - 1. Let a(q) = -6*q**2 + 4*q - 1. Let o(b) = 5*a(b) + 4*s(b). What is o(4)?
-9
Let v(x) be the first derivative of -5*x**3 + 3*x**2/2 - 2*x + 422. What is v(1)?
-14
Let x(p) = -p**3 - 11*p**2 + 25*p - 13. Let d be x(-13). Suppose 27 = 3*r - 6*r + l, 4*r - 3*l + 36 = d. Let h(w) = w**3 + 8*w**2 - 9*w + 4. What is h(r)?
4
Let t(p) = 4 - 13*p**3 + 26*p**3 + p + 8*p**2 - 15*p**3. Let u(y) = -3*y**3 + 12*y**2 + 2*y + 7. Let k(q) = 8*t(q) - 5*u(q). Determine k(3).
0
Let u(f) = -f - 87. Let x(m) = m + 29. Let h(n) = 2*u(n) + 7*x(n). Determine h(-6).
-1
Let p(i) = i**2 + 3*i + 1. Let k be (3/(-9))/((-1)/(-3))*-51. Let c = -54 + k. What is p(c)?
1
Let w(o) be the first derivative of -o**4/4 - 4*o**3/3 - 2*o**2 - 3*o - 41. Determine w(-2).
-3
Let s(r) = r**2. Let w be s(-3). Let x = 7 - w. Let l(u) = u + 1. Let a(m) = -20*m - 16. Let q(v) = -a(v) - 16*l(v). Calculate q(x).
-8
Let j(b) = 7*b - 1. Let v be j(-3). Let w = v + 35. Let f(i) = -w + i - 5*i + 14. Calculate f(-1).
5
Let c(x) = -x - 12. Let b(r) = -r - 13. Let s(v) = -2*b(v) + 3*c(v). Let q be ((-20)/6)/((-98)/21 + 5). Give s(q).
0
Let g(x) = -x**2 + 8*x - 10. Let o(f) = -f + 1. Let s(i) = g(i) + 4*o(i). Let b(w) = 65*w**3 - w + 2. Let v be b(1). Let n be (-6)/(-99)*69 - 12/v. Give s(n).
-6
Let i(k) = k**2 + 3*k - 3. Let n = 247 + -242. Calculate i(n).
37
Let l(a) = a**3 - 6*a**2 + 2*a - 6. Let c(k) = -28*k**2 - 2*k + 8. Let p be c(-4). Let z be p/(-20) + (-3)/5. Let o = -15 + z. What is l(o)?
6
Let z be (2 - 8*(-3)/(-6)) + 2. Suppose z = 4*u + 7*u. Let q(h) be the first derivative of h**4/4 - h**2/2 - 2. Calculate q(u).
0
Let t(w) = 4*w**2 + 5 + 7 + w**3 - 3*w + 9 - 23. Suppose 5*v + 4 = 4*v. Give t(v).
10
Let n(b) = 4*b**2 + 8*b + 12. Let s(m) = 5*m**2 + 8*m + 15. Let t(p) = 4*n(p) - 3*s(p). What is t(-7)?
-4
Suppose 0 = -o - 0*o. Suppose o = z - 3, -3*g + 2*z = -5 + 2. Let v(d) = -30 - d**2 + 6*d**2 - g*d**2 + 29. Calculate v(2).
7
Let l(u) = -u**2 + 7*u + 5. Let r = -83 - -117. Let f be (-1 - 2)/(6/(-4)). Suppose -3*w - 5*b = 7, f*w = 5*b + 3 + r. Give l(w).
11
Suppose 22 + 8 = -5*a. Let q(k) = k**3 + 4*k**2 - 7*k - 2. Determine q(a).
-32
Let k(f) = -2 + f + 6 - 2*f. Let v(c) = -4*c - 8. Let z(g) = g. Let x(q) = -2*v(q) - 6*z(q). Let y be x(-6). What is k(y)?
0
Let l = 17 - 14. Let k be (l + -4)/((-3)/9). Suppose k*x = -0*x + 18. Let f(g) = g**2 - 9*g + 9. Calculate f(x).
-9
Let q(h) = -82 + 25 + 27 - 15*h + 16 + h**2. Calculate q(16).
2
Let d = 66 + -124. Let y = 64 + d. Let o(v) = -v + 1. What is o(y)?
-5
Let o(s) = -s + 3. Let h = -19 + 24. Let g(m) = -m + 4. Let z(b) = h*o(b) - 4*g(b). Let x(p) = -p**3 - 3*p**2 - 2*p + 2. Let c be x(-2). Give z(c).
-3
Let f(m) be the first derivative of 1/3*m**3 - 28 - 2*m + 1/2*m**2. Calculate f(2).
4
Let c(v) be the third derivative of v**6/360 + v**5/30 + 5*v**4/24 + 5*v**3/6 - 2*v**2. Let q(p) be the first derivative of c(p). Determine q(-4).
5
Let i(s) = -3*s**2 - 6*s - 24. Let j(l) = 2*l**2 + 6*l + 21. Let y(t) = 3*i(t) + 4*j(t). Calculate y(9).
-15
Let m(l) = 2. Let s(t) = t + 7. Let f(v) = 4*m(v) + s(v). Determine f(0).
15
Let n(w) be the first derivative of w**4/4 + 4*w**3/3 + w**2 + 2*w + 50. Determine n(-3).
5
Let r = -2325 + 2321. Let z(t) = -8*t - 27. Calculate z(r).
5
Let a(n) be the first derivative of -n**2/2 + 402. Let j = -11 + 15. What is a(j)?
-4
Let z be 10/6*(2 - 5). Let o(t) be the third derivative of 1/24*t**4 + 0*t + 0 + 2/3*t**3 - 2*t**2. What is o(z)?
-1
Let j(t) = t + 22. Suppose 3*f + 5*o + 25 = 0, -5*f - 4*o = 1 + 58. Calculate j(f).
7
Let h be (-6 - -9) + (-3)/(-3). Let c be -2*-4*h/(-16). Let t(i) = 7*i + 2. Give t(c).
-12
Suppose -25*c - 3*l = -28*c, -5*l = 4*c - 36. Let x(w) be the first derivative of 2 + 1/2*w**2 - w - 1/2*w**c - 1/3*w**3. What is x(1)?
-3
Let a(q) = -2*q**3 - 3*q**2 + 7*q. Let b be a(4). Let o = b + 148. Let f(s) = -s. Determine f(o).
0
Let m be (-10)/(-4)*(3 + (-55)/25). Let u(q) = 4*q**2 - 3*q + 1. What is u(m)?
11
Let a(d) = d - 7. Suppose 0 = -2*t + 5*t - 129. Suppose -t = -2*g + 37. Let v be 26/(-5) + 8/g. Determine a(v).
-12
Let a(d) = -11*d**3 - d**2 - d. Suppose 65*t + 2 = 63*t. Determine a(t).
11
Let n(q) = 1 - 10*q**2 - 20*q**2 + 10*q**2. What is n(1)?
-19
Let m(h) = -4*h - 18. Let f(g) = -5*g + 22. Let a be f(5). Let b be m(a). Let k(j) = 6 + j + 0*j + j. Determine k(b).
-6
Let q = -226 + 221. Let i(u) = u**3 + 4*u**2 - 6*u - 12. Determine i(q).
-7
Let m be -2*3/(-6)*2. Let v(p) = p + 4*p + 7 - m*p - p. Calculate v(-4).
-1
Let d(n) be the third derivative of -n**6/360 + 7*n**5/120 + 5*n**3/3 + 52*n**2. Let g(i) be the first derivative of d(i). Give g(6).
6
Let a(m) = -m**3 - 10*m**2 - 10*m - 6. Suppose -45*x + 47*x = -18. Give a(x).
3
Let s = -7 + 10. Let j be (-2)/(-4)*(0 + 0). Let w(h) = 1 - 2*h**2 - s*h**3 + j*h**3 + 5*h**3 + 5*h**3. Calculate w(1).
6
Let n(l) = 9*l - 1. Let t = -59 + 13. Let m = -47 - t. Give n(m).
-10
Let c(f) be the first derivative of -f**4/4 - 5*f**3/3 - 4*f**2 - 10*f + 388. What is c(-4)?
6
Suppose -3*x + 4*x + 2 = 0. Let c(g) = -2*g + 12*g**2 - 29*g**2 + 11*g**2 + g + 7*g**2. Determine c(x).
6
Let o(x) = x - 4. Suppose 4*v + 15 = v, 0 = r + 2*v + 4. Calculate o(r).
2
Let t(i) = -i**2 + 11*i - 8. Let l(x) = -x**2 + 12*x - 26. Let h be l(5). Calculate t(h).
10
Let z = -3216 - -3213. Let a(y) = 11*y + 8. Let i(f) = f + 1. Let s(k) = a(k) - 6*i(k). Give s(z).
-13
Let w(n) = 5*n - 4*n - 1 - 15*n**2 + 4*n**2 + 6*n**2. Suppose -17 - 3 = 5*f. Let h = f - -5. Calculate w(h).
-5
Let k(i) = -2*i + 6. Let b be k(3). Suppose 1 - 5 = -2*h. Let c(f) = 2 - f + 0 - f**h + b. Determine c(-3).
-4
Let q(u) = u**2 - 2*u - 4. Suppose 5*d + 23 - 23 = 0. Suppose 5*n - 21*n + 64 = d. Give q(n).
4
Let a(p) = p**3 + p**2 + p - 3. Let s be 2 - ((-4)/10)/(6/(-60)). Let y be a(s). Let i(b) = -b - 1. Calculate i(y).
8
Let x(q) = -q**2 - 3*q - 1. Let v = -951 - -950. Determine x(v).
1
Let j be 14/(-6) - 4/6. Let k(i) = -i + 0*i**3 - i**3 - 3*i**2 + 1 - 25*i**2 + 24*i**2. Determine k(j).
-5
Let i(f) = f**2 + 4*f - 7. Let h = -19 - -14. What is i(h)?
-2
Let v(o) = -2*o - 7. Let c(w) = w + 4. Let z(f) = 11*c(f) + 6*v(f). Let i be (8/(-8) - 7) + 5. Determine z(i).
5
Let f(x) be the third derivative of x**4/24 - x**3/3 - 24*x**2. Determine f(5).
3
Let k(b) = b**3 + 6*b**2 + 3*b - 7. Let u(j) = -j**3 + 9*j**2 + 10*j - 1. Let f be u(10). Let g be (-24 - 6/(-2))/f. Suppose 2*d + g = 11. Determine k(d).
3
Let d(o) be the first derivative of -o**2/2 + 2*o - 1. Suppose -9*w - 2*g - 55 = -14*w, -3*g = 4*w - 21. What is d(w)?
-7
Let t(p) be the second derivative of -p**5/60 - 7*p**4/24 - p**3/2 - 23*p**2/2 - 30*p. Let f(d) be the first derivative of t(d). Give f(-7).
-3
Suppose -30 = -0*f + 3*f - 3*s, -2*f + 4*s = 28. Let v(g) = -5*g + 5. Suppose -w = w - 2. Let j(k) = -k + 1. Let u(b) = f*j(b) + w*v(b). Give u(5).
4
Let r(s) = 10*s - 99. Let c be r(10). Let h(m) = 23*m - 1. Calculate h(c).
22
Let o(p) = 4*p**2 - p - 8. Let j = -460 - -460. Give o(j).
-8
Let j(v) = -23*v**2 - 19*v + 30. Let t(y) = -15*y**2 - 12*y + 19. Let c(o) = 5*j(o) - 8*t(o). Let i(d) = d**2 + 3*d - 2. Let z be i(-3). Calculate c(z).
16
Suppose -i = -3*u + 1, -2*u = u + i + 7. Let c(j) = 4*j**3 - 4*j**2 - j + 7. Let p(k) = k**3 + 1. Let n(s) = u*c(s) + 5*p(s). Determine n(-4).
-6
Let j(c) be the first derivative of c**4/4 + 5*c**3/3 + 3*c**2/2 + 11*c - 54. Give j(-5).
-4
Let b(m) = 0 - 120*m + 122*m + 2. Determine b(-1).
0
Let o(w) be the third derivative of w**4/12 - w**3/6 - 3*w**2 - 33*w. Suppose 0 = -c - 2*k + 2, 0 = 4*c + k - 2*k + 1. Suppose c*y - 15 = 3*y. Determine o(y).
-11
Suppose -7*g = -g - 306. Let p = 60 - g. Let o(l) = l**2 - 10*l + 12. Determine o(p).
3
Suppose 0 = 5*d - 15. Suppose -4*s + 10 = 3*v - d*s, 4*v + 3*s - 20 = 0. Let f(p) = 61 - 7*p + p**v - p - 54. Determine f(5).
-8
Let y be -6 + (8 - (-4 + 10)). Let d(x) be the second derivative of x**4/8 + 5*x**3/6 - x**2 - 3*x. Let v(p) be the first derivative of d(p). What is v(y)?
-7
Let t = -9 + 8. Let i(q) be the second derivative of -q**3 + q**2/2 - 457*q. Determine i(t).
7
Let w(d) = -5*d + 1. Let z(m) = -m. Let v(o) = -w(o) + 6*z(o). Suppose 360*j = 367*j - 28. Calculate v